5) - 20/50. Suppose -i = 3*q - 10034. Suppose -9*l = l - q. Is l a prime number?
False
Let m(o) = 164*o - 9753. Is m(98) a composite number?
True
Suppose 3*b - 5 = -4*z + 23, -2*z - 12 = -5*b. Suppose -r + 4*f + 2471 = 0, b*r = -11*f + 8*f + 9827. Is r a composite number?
False
Suppose 0 = 16*s - 129859 - 990829. Is s composite?
True
Let g = 28386 - 7940. Let y = g + -10583. Is y a composite number?
True
Suppose -5 - 9 = -7*w. Let i = -389 + 391. Suppose -w*o + 3*l = -166, 5*o - 115 - 262 = -i*l. Is o prime?
False
Suppose 105*q = -i + 104*q + 153988, 5*q = i - 154006. Is i a composite number?
False
Let p(s) = -47*s**2 - 47*s - 140. Let r(z) = 16*z**2 + 16*z + 47. Let l(m) = -6*p(m) - 17*r(m). Is l(11) a composite number?
False
Suppose 10*g = -4*q + 9*g + 22373, 5*q - 4*g - 27982 = 0. Suppose -i - 3*x = 245 + q, -4*i + 3*x - 23431 = 0. Is (-2)/(((-2)/i)/((-3)/6)) prime?
True
Is (-714006)/(-10) - (612/45 + -14) composite?
True
Let g = 10733 + 11448. Is g a prime number?
False
Let o(x) be the third derivative of -127*x**4/24 - x**3/3 - 24*x**2. Let c(f) = -f**3 + 2*f**2 + 6*f - 5. Let b be c(4). Is o(b) prime?
False
Suppose -j = 5*s - 1685, -2*s = -s + 4*j - 356. Suppose o + s - 100 = 0. Let r = o - -333. Is r a prime number?
True
Suppose -2*s - 25 = -57. Let r be 132/s*4 + (1 - 1). Let j = r + 98. Is j a prime number?
True
Suppose 48*l - 59*l = -338173. Is l a composite number?
True
Suppose -11*m + 160*m - 10696263 = 0. Is m a prime number?
False
Suppose -29*y + 66*y - 43020648 = -35*y. Is y a prime number?
False
Let k = 1280 - 1832. Suppose -2*t = 2*t - 4388. Let p = k + t. Is p composite?
True
Suppose 127*t - 132*t + 166965 = 5*l, -5*t + 166959 = 2*l. Is t composite?
False
Let j(l) = l**2 - 2. Let a(g) = g**3 - 37*g**2 - 37*g - 63. Let z(k) = -a(k) - 3*j(k). Is z(25) prime?
True
Suppose 5 = -5*s, 0 = 4*l - 4*s + s - 15. Suppose -l*p - 5*z + 13 = -9, 4*p + 4*z = 16. Is (-55)/(-22)*-1*(p - 213) composite?
True
Let n(u) = 11*u**2 + 60*u - 17. Let b(y) = -7*y**2 - 40*y + 11. Let w(p) = -8*b(p) - 5*n(p). Let z be w(-20). Let q(c) = -63*c**3 + 7*c + 9. Is q(z) composite?
True
Suppose -50*n + 552451 = -6777306 + 265907. Is n composite?
False
Suppose 147*s - 151*s + 5050112 = 4*l, -5050109 = -4*l - s. Is l a composite number?
True
Let k(u) = 10*u**3 + 10*u**2 - 2*u + 25. Let h be k(-7). Let m = h + 4870. Is m a composite number?
True
Let q(x) be the third derivative of -x**6/120 - x**5/6 - x**4/2 + 5*x**3/3 - 8*x**2 + 1. Is q(-9) prime?
True
Suppose 0 = -7*l + 42772 - 7464. Suppose 4*g = l + 792. Is g prime?
True
Suppose 4*u - 6 + 2 = y, y - 3*u + 3 = 0. Suppose -55*z + 58*z - 72597 = y. Is z prime?
False
Let s(n) = n**3 + 7*n**2 - 4*n - 26. Let y be s(-7). Suppose -574 - 848 = -y*p. Suppose 0 = -2*v - 4*b + 1382, -v + 3*b + p + 5 = 0. Is v composite?
False
Suppose -2*g + 8*x = 3*x + 14, 0 = -3*g + 5*x - 11. Is (2/g)/(12/10134) a prime number?
True
Let y be (62/8)/(28/117712). Suppose -15*k + 91186 - y = 0. Is k prime?
True
Let g(c) = 5*c**2 + 6*c + 8. Let m be g(-5). Let l = -96 + m. Suppose 0 = -2*q + 4, 2*q + 4787 = -4*o + l*o. Is o composite?
False
Let o = -89 - -78. Let b(u) = -12*u**3 - 10*u**2 - 2*u + 49. Let i be b(o). Suppose -i = -12*q + 5*q. Is q prime?
False
Suppose -5*x + 4 = -3*h, 17*h - 10 = 12*h. Let s(i) = 4026*i + 41. Is s(x) prime?
True
Let n(a) = -6 + 2*a + 5*a - 8*a - 2. Let y be n(-11). Suppose -o + 1276 = y*o. Is o a composite number?
True
Suppose 0 + 21 = -o. Let h(v) = 1989*v + 1988*v - 5969*v + 37 + 1991*v. Is h(o) a prime number?
False
Suppose 26*u - 345137 = 93050 + 196057. Is u a prime number?
False
Is (-21 - 1 - (-37 - -22)) + 504054*1 a prime number?
True
Is (((-78)/(-45))/(46/(-115)))/((-2)/5262) a prime number?
False
Suppose 18183 + 138265 = 8*u - 40440. Is u a composite number?
False
Let t(f) = 3240*f**3 + 2*f**2 - 4*f + 5. Is t(3) composite?
False
Let b(y) be the third derivative of y**4/2 + 37*y**3/6 + 26*y**2. Let a be b(-13). Let j = 248 + a. Is j a prime number?
False
Suppose -2*g - 5795 = -5*c + 451, 0 = c - 5*g - 1240. Suppose -k = -f + c, 20*k = -5*f + 18*k + 6285. Is f a prime number?
False
Let k(h) = 2764*h - 2519. Is k(25) a composite number?
True
Let x(c) = -2*c**3 + 9*c**2 + 7*c - 6. Let i be x(5). Suppose -i*p + 2826 + 870 = 4*f, 0 = 5*f - p - 4602. Is f a composite number?
True
Suppose 7*h = 12*h - 3*j + 5, -11 = -h + 3*j. Is (662/h)/((-44)/8 + 5) a prime number?
True
Suppose -2*o = 2*o + 28. Let r be (-5945)/o + (-3)/42*4. Suppose -175 + r = 2*v. Is v a prime number?
True
Suppose -2*l - 12*v + 8*v = -3446958, -5170441 = -3*l - 2*v. Is l prime?
True
Let u(g) = 26586*g**2 - 6*g - 5. Is u(-3) a composite number?
False
Suppose 0 = h - 9, -2*v = 4*h - 10599 - 13361. Is v a prime number?
False
Suppose -4*x = 5 - 1. Let p(g) = -3*g**3 + g**2. Let t(f) = -1935*f**3 + 2*f**2 + f - 1. Let w(z) = -p(z) + t(z). Is w(x) composite?
False
Suppose 263*x - 257*x - 62232 = 0. Let g = x - -1525. Is g composite?
False
Let m(b) = -b**3 + 6*b**2 + 12*b - 15. Let c be m(7). Let a be (-1)/(4/c*-1). Suppose 0 = 4*p - 5*t - 1314, 2*p + a*t = 4*p - 662. Is p a prime number?
False
Let x = -109 - -132. Suppose 2865 = 26*n - x*n. Is n prime?
False
Suppose 206 = -4*c - 146. Let z = c + 1203. Is z composite?
True
Let j be (2*(-9)/12)/((-45)/60). Suppose -j*p + 386 = 1160. Let w = p - -878. Is w composite?
False
Suppose 3*r + 2*w - 88423 = 0, 5*w + 29 - 39 = 0. Is r a composite number?
False
Let p be 45/(-27) + 2 - 16325/(-3). Suppose -23*g + p = -17*g. Is g a prime number?
True
Suppose -2*l = 5*i - 6865, 2*l = 5*i + 3928 + 2967. Let p = -3489 - -1530. Let o = l + p. Is o a composite number?
False
Suppose -665248 = -54*a + 210470. Is a prime?
True
Let d = -36 - -40. Suppose 5*w = d*z - 912, -3*z = 4*w - 0*w - 715. Suppose 0 = -h - 88 + z. Is h a prime number?
False
Let l be (-38)/4*-1*2. Let n = l + -19. Suppose n = -3*m - i + 5*i + 605, 4*i = 2*m - 402. Is m composite?
True
Let v(i) = 2*i**3 - 12*i**2 - 10*i - 7. Suppose -8 - 62 = 7*a. Let x be v(a). Let p = -2098 - x. Is p a composite number?
False
Suppose 0 = 4*g - 61 + 45. Suppose -5*m - 4*v + 94 = 0, 4*m - 121 = g*v - 17. Suppose -26*l = -m*l - 10616. Is l prime?
False
Let f = -23 - -35. Suppose -90007 = -f*a + 427949. Is a composite?
True
Suppose 6*x - 137876 = 97630. Is x composite?
False
Let q(c) be the second derivative of -19*c**3/6 - 3*c**2/2 - 3*c - 50. Is q(-14) a prime number?
True
Suppose -4*g - 95815 = 3*r - 233236, 0 = -5*r - 3*g + 229024. Is r a prime number?
False
Suppose z - u = -4*z - 134, 60 = -2*z + 2*u. Let d = -21 - z. Suppose 0 = -d*s - s + 3378. Is s prime?
True
Let z(t) = 14*t**2 + 8*t + 143. Is z(-22) a prime number?
False
Let j(v) = -282*v**3 + 3*v + 4. Let k be j(-1). Let z = 58 - -110. Let s = k - z. Is s prime?
False
Let u(n) = 90*n - 117. Let z(i) = -46*i + 59. Let q(f) = 2*u(f) + 5*z(f). Is q(-26) a prime number?
True
Let n = -3936 + -16112. Let o = n - -38791. Is o a composite number?
False
Suppose 0 = l + 4*a - 607, -3*l = a - 4*a - 1896. Suppose -2*f + 2*p - 1087 + 3035 = 0, p = 3*f - 2920. Let z = f - l. Is z a prime number?
False
Suppose -2*r = -5*r + 18. Let a = -6 + r. Suppose 3*j + 15 = a, -756 = -5*c + 2*j + 369. Is c a composite number?
False
Suppose 4*t - 4*o - 27376 = 0, -2*o - 2034 - 4810 = -t. Suppose 0 = -10*r + t + 21486. Is r composite?
False
Suppose -d - 3824 = -2*f + d, 1917 = f - 2*d. Let n = 4006 - f. Is n a prime number?
True
Let x(f) = -11113*f - 4. Let b be x(-5). Suppose 0 = -24*w + b - 2689. Is w composite?
False
Suppose -80*y = -78*y + 56. Let f = 523 - y. Is f a prime number?
False
Let w be 7/7 - (-4 - -1). Suppose 3*h - 16287 = -w*d, -3*h - 4*d = -9*d - 16314. Is h composite?
True
Let d be (-2)/5 + 1002/30. Let q = 53 - d. Let t(m) = -m**2 + 32*m + 17. Is t(q) a prime number?
True
Let s = -77 - -62. Let v = -7 - s. Suppose 0 = v*l - l - 2177. Is l a prime number?
True
Let p = 136017 - -297974. Is p a composite number?
True
Let c(k) = 1934*k - 1533. Is c(85) a composite number?
True
Let m = -721 + 2342. Is m composite?
False
Let y(b) = -13*b - 55. Let s(a) = 259*a + 1099. Let l(p) = 6*s(p) + 119*y(p). Let h be l(-7). Suppose z + z = 0, u - 2*z - 631 = h. Is u a composite number?
False
Suppose 5*m = -15, 2*l - 3*m = -8